{"id":2206,"date":"2021-11-09T07:48:55","date_gmt":"2021-11-09T07:48:55","guid":{"rendered":"https:\/\/dynamic-evolution.pt\/index.php\/sistemas-de-armazenamento-de-energia-baterias\/"},"modified":"2021-11-14T09:35:13","modified_gmt":"2021-11-14T09:35:13","slug":"fotovoltaicos","status":"publish","type":"page","link":"https:\/\/dynamic-evolution.pt\/index.php\/fotovoltaicos\/","title":{"rendered":"SISTEMAS FOTOVOLTAICOS"},"content":{"rendered":"<div class=\"fusion-fullwidth fullwidth-box fusion-builder-row-1 fusion-flex-container fusion-parallax-none nonhundred-percent-fullwidth non-hundred-percent-height-scrolling\" style=\"background-color: #eeeeee;background-image: url(&quot;https:\/\/dynamic-evolution.pt\/wp-content\/uploads\/2018\/02\/bg2.jpg&quot;);background-position: center center;background-repeat: no-repeat;border-width: 0px 0px 0px 0px;border-color:#e2e2e2;border-style:solid;-webkit-background-size:cover;-moz-background-size:cover;-o-background-size:cover;background-size:cover;\" ><div class=\"fusion-builder-row fusion-row fusion-flex-align-items-flex-start fusion-flex-justify-content-center\" style=\"max-width:calc( 1200px + 0px );margin-left: calc(-0px \/ 2 );margin-right: calc(-0px \/ 2 );\"><div class=\"fusion-layout-column fusion_builder_column fusion-builder-column-0 fusion_builder_column_2_3 2_3 fusion-flex-column fusion-animated\" data-animationType=\"zoomIn\" data-animationDuration=\"0.9\" data-animationOffset=\"top-into-view\"><div class=\"fusion-column-wrapper fusion-flex-justify-content-flex-start fusion-content-layout-column\" style=\"background-position:left top;background-repeat:no-repeat;-webkit-background-size:cover;-moz-background-size:cover;-o-background-size:cover;background-size:cover;padding: 0px 0px 0px 0px;\"><style type=\"text\/css\">@media only screen and (max-width:1024px) {.fusion-title.fusion-title-1{margin-top:10px!important; margin-right:0px!important;margin-bottom:15px!important;margin-left:0px!important;}}@media only screen and (max-width:640px) {.fusion-title.fusion-title-1{margin-top:10px!important; margin-right:0px!important;margin-bottom:10px!important; margin-left:0px!important;}}<\/style><div class=\"fusion-title title fusion-title-1 fusion-sep-none fusion-title-center fusion-title-text fusion-title-size-one\" style=\"margin-top:10px;margin-right:0px;margin-bottom:15px;margin-left:0px;\"><h1 class=\"title-heading-center\" style=\"margin:0;\"><p style=\"text-align: center;\"><span style=\"color: #333645;\">SISTEMAS FOTOVOLTAICOS ( &#8220;PAIN\u00c9IS&#8221; )<\/span><\/p><\/h1><\/div><style type=\"text\/css\">@media only screen and (max-width:1024px) {.fusion-title.fusion-title-2{margin-top:10px!important; margin-right:0px!important;margin-bottom:15px!important;margin-left:0px!important;}}@media only screen and (max-width:640px) {.fusion-title.fusion-title-2{margin-top:10px!important; margin-right:0px!important;margin-bottom:10px!important; margin-left:0px!important;}}<\/style><div class=\"fusion-title title fusion-title-2 fusion-sep-none fusion-title-center fusion-title-text fusion-title-size-one\" style=\"margin-top:10px;margin-right:0px;margin-bottom:15px;margin-left:0px;\"><h1 class=\"title-heading-center\" style=\"margin:0;\"><blockquote><p>Realizamos Estudo Pr\u00e9vio \/ Pr\u00e9-An\u00e1lise para preparar a solu\u00e7\u00e3o\/projecto mais adequada e rent\u00e1vel, e fornecemos\/construimos a solu\u00e7\u00e3o completa &#8220;chave-na-m\u00e3o&#8221;<\/p><\/blockquote>\n<blockquote><p>Analisamos periodicamente os equipamentos e tipos de solu\u00e7\u00f5es existentes mundialmente, de forma a selecionar as op\u00e7\u00f5es mais fi\u00e1veis e eficientes. Somos representantes de v\u00e1rias marcas profissionais de componentes especializados.<\/p><\/blockquote>\n<blockquote><p>Al\u00e9m da constru\u00e7\u00e3o propriamente dita do Sistema ( &#8221; instala\u00e7\u00e3o&#8221; ), somos tamb\u00e9m especialista na manuten\u00e7\u00e3o\/repara\u00e7\u00e3o<\/p><\/blockquote>\n<h6 style=\"text-align: center;\"><span style=\"color: #333645;\">\u00a0<\/span><\/h6><\/h1><\/div><div class=\"fusion-separator\" style=\"align-self: center;margin-left: auto;margin-right: auto;margin-top:16px;margin-bottom:36px;width:100%;max-width:24%;\"><div class=\"fusion-separator-border sep-double\" style=\"border-color:#e2e2e2;border-top-width:2px;border-bottom-width:2px;\"><\/div><\/div><div class=\"fusion-text fusion-text-1\" style=\"text-transform:none;\"><p style=\"text-align: left;\">TIPOS DE SISTEMAS SOLARES FOTOVOLTAICOS<\/p>\n<p style=\"text-align: left;\">UPAC&#8217;s (Unidade de produ\u00e7\u00e3o para autoconsumo).<br \/>\nUma UPAC produz energia el\u00e9ctrica para autoconsumo no mesmo local, e pode ou n\u00e3o vender a energia excedente \u00e0 rede nacional el\u00e9ctrica, no caso da pot\u00eancia instalada ser inferior a 30 000 W ou estar isolado da rede nacional, n\u00e3o \u00e9 obrigat\u00f3rio o pedido de licen\u00e7a UPAC (e pagamento da respectiva taxa) nem de certificado de explora\u00e7\u00e3o (apenas \u00e9 necess\u00e1rio o registo pr\u00e9vio na Direc\u00e7\u00e3o Geral de Energia e Geologia ).<br \/>\nUma UPAC pode ser ON-GRID (interligado \u00e0 instala\u00e7\u00e3o el\u00e9ctrica abastecida pela Rede el\u00e9ctrica Nacional ), e pode ser OFF-GRID (isolado da rede el\u00e9ctrica nacional, por exemplo em locais sem viabilidade de liga\u00e7\u00e3o \u00e0 rede ) neste caso o sistema fotovoltaico necessita (na maioria dos casos\/equipamentos Inversores h\u00edbridos, Inversores fotovoltaicos, Inversores\/carregadores) t\u00eam de estar integrado com um sistema de armazenamento de energia ( Baterias ) .<br \/>\nEm v\u00e1rias situa\u00e7\u00f5es, a op\u00e7\u00e3o mais rent\u00e1vel em rela\u00e7\u00e3o ao investimento \u00e9 optar por integrar com um sistema de armazenamento de energia em baterias, que evita a venda a reduzid\u00edssimo valor por cada kW.h ou oferta gratuita \u00e0 rede el\u00e9ctrica, e passa em vez disso por aproveitar essa energia para autoconsumo (a unidade de energia, o kW.h, \u00e9 bastante mais valioso neste caso do que quando vendido ou oferecido \u00e0 rede nacional el\u00e9ctrica).<\/p>\n<p style=\"text-align: left;\">Este tipo de Sistema Solar Fotovoltaico representa o principal tipo e mais frequentemente o mais rent\u00e1vel (tamb\u00e9m quando comparado com S. Solar T\u00e9rmico), e temos excelentes solu\u00e7\u00f5es para sistemas com\u00a0Taxa Interna de Rentabilidade Bruta entre 35% e 11% por ano conforme o caso espec\u00edfico.<\/p>\n<p style=\"text-align: left;\">UPP&#8217;s (Unidade de pequena produ\u00e7\u00e3o).<br \/>\nUma UPP produz energia el\u00e9ctrica para venda do total da energia produzida em exclusivo, sem se poder realizar autoconsumo. \u00c9 adequada principalmente para locais onde o consumo \u00e9 sazonal e em contra-ciclo com a varia\u00e7\u00e3o sazonal da produ\u00e7\u00e3o de energia a partir do Sol (exemplo : elevado consumo de energia no outono e inverno e baixo consumo no ver\u00e3o e primavera ) .<\/p>\n<p style=\"text-align: left;\">BOMBAGEM DE \u00c1GUA<br \/>\nSem uso de baterias (por exemplo com utiliza\u00e7\u00e3o de equipamento inverter e bomba trif\u00e1sica (variable speed\/frequency drive) especial para bombagem ) ou com uso de baterias (por exemplo sistema de armazenamento de energia integrado com sistema fotovoltaico e integrado com bomba trif\u00e1sica ou monof\u00e1sica ), com ou sem acumula\u00e7\u00e3o de \u00e1gua, ligado ou desligado da rede el\u00e9ctrica.<\/p>\n<\/div><\/div><style type=\"text\/css\">.fusion-body .fusion-builder-column-0{width:66.666666666667% !important;margin-top : 85px;margin-bottom : 60px;}.fusion-builder-column-0 > .fusion-column-wrapper {padding-top : 0px !important;padding-right : 0px !important;margin-right : 0px;padding-bottom : 0px !important;padding-left : 0px !important;margin-left : 0px;}@media only screen and (max-width:1024px) {.fusion-body .fusion-builder-column-0{width:66.666666666667% !important;}.fusion-builder-column-0 > .fusion-column-wrapper {margin-right : 0px;margin-left : 0px;}}@media only screen and (max-width:640px) {.fusion-body .fusion-builder-column-0{width:100% !important;}.fusion-builder-column-0 > .fusion-column-wrapper {margin-right : 0px;margin-left : 0px;}}<\/style><\/div><div class=\"fusion-layout-column fusion_builder_column fusion-builder-column-1 fusion_builder_column_1_1 1_1 fusion-flex-column\"><div class=\"fusion-column-wrapper fusion-flex-justify-content-center fusion-content-layout-column\" style=\"background-position:left top;background-blend-mode: overlay;background-repeat:no-repeat;-webkit-background-size:cover;-moz-background-size:cover;-o-background-size:cover;background-size:cover;padding: 0px 0px 0px 0px;\"><div class=\"fusion-section-separator section-separator big-half-circle fusion-section-separator-1\"><div class=\"fusion-section-separator-svg\" style=\"padding:0;\"><svg class=\"fusion-big-half-circle-candy\" xmlns=\"http:\/\/www.w3.org\/2000\/svg\" version=\"1.1\" width=\"100%\" height=\"100\" viewBox=\"0 0 100 100\" preserveAspectRatio=\"none\" style=\"padding:0;\" fill=\"rgba(51,54,69,1)\"><path d=\"M0 100 C40 0 60 0 100 100 Z\"><\/path><\/svg><\/div><div class=\"fusion-section-separator-spacer\"><div class=\"fusion-section-separator-spacer-height\" style=\"height:99px;\"><\/div><\/div><style type=\"text\/css\">.fusion-section-separator-1 .fusion-section-separator-svg {margin-left:0px;margin-right:0px;}@media only screen and (max-width:1024px) {.fusion-section-separator-1 .fusion-section-separator-svg {margin-left:0px;margin-right:0px;}}@media only screen and (max-width:640px) {.fusion-section-separator-1 .fusion-section-separator-svg {margin-left:0px;margin-right:0px;}}<\/style><\/div><\/div><style type=\"text\/css\">.fusion-body .fusion-builder-column-1{width:100% !important;margin-top : 0px;margin-bottom : 0px;}.fusion-builder-column-1 > .fusion-column-wrapper {padding-top : 0px !important;padding-right : 0px !important;margin-right : 0px;padding-bottom : 0px !important;padding-left : 0px !important;margin-left : 0px;}@media only screen and (max-width:1024px) {.fusion-body .fusion-builder-column-1{width:100% !important;}.fusion-builder-column-1 > .fusion-column-wrapper {margin-right : 0px;margin-left : 0px;}}@media only screen and (max-width:640px) {.fusion-body .fusion-builder-column-1{width:100% !important;}.fusion-builder-column-1 > .fusion-column-wrapper {margin-right : 0px;margin-left : 0px;}}<\/style><\/div><\/div><style type=\"text\/css\">.fusion-body .fusion-flex-container.fusion-builder-row-1{ padding-top : 45px;margin-top : 0px;padding-right : 0px;padding-bottom : 0px;margin-bottom : 0px;padding-left : 0px;}<\/style><\/div>\n","protected":false},"excerpt":{"rendered":"","protected":false},"author":1,"featured_media":0,"parent":0,"menu_order":0,"comment_status":"closed","ping_status":"closed","template":"100-width.php","meta":{"footnotes":""},"class_list":["post-2206","page","type-page","status-publish","hentry"],"_links":{"self":[{"href":"https:\/\/dynamic-evolution.pt\/index.php\/wp-json\/wp\/v2\/pages\/2206","targetHints":{"allow":["GET"]}}],"collection":[{"href":"https:\/\/dynamic-evolution.pt\/index.php\/wp-json\/wp\/v2\/pages"}],"about":[{"href":"https:\/\/dynamic-evolution.pt\/index.php\/wp-json\/wp\/v2\/types\/page"}],"author":[{"embeddable":true,"href":"https:\/\/dynamic-evolution.pt\/index.php\/wp-json\/wp\/v2\/users\/1"}],"replies":[{"embeddable":true,"href":"https:\/\/dynamic-evolution.pt\/index.php\/wp-json\/wp\/v2\/comments?post=2206"}],"version-history":[{"count":7,"href":"https:\/\/dynamic-evolution.pt\/index.php\/wp-json\/wp\/v2\/pages\/2206\/revisions"}],"predecessor-version":[{"id":2302,"href":"https:\/\/dynamic-evolution.pt\/index.php\/wp-json\/wp\/v2\/pages\/2206\/revisions\/2302"}],"wp:attachment":[{"href":"https:\/\/dynamic-evolution.pt\/index.php\/wp-json\/wp\/v2\/media?parent=2206"}],"curies":[{"name":"wp","href":"https:\/\/api.w.org\/{rel}","templated":true}]}}